{"id":1242,"date":"2023-06-24T17:33:52","date_gmt":"2023-06-24T15:33:52","guid":{"rendered":"https:\/\/sy-savane-company.com\/?page_id=1242"},"modified":"2023-07-14T17:35:07","modified_gmt":"2023-07-14T15:35:07","slug":"vente-de-brique","status":"publish","type":"page","link":"https:\/\/sy-savane-company.com\/?page_id=1242","title":{"rendered":"Vente de brique"},"content":{"rendered":"\t\t<div data-elementor-type=\"wp-page\" data-elementor-id=\"1242\" class=\"elementor elementor-1242\">\n\t\t\t\t\t\t<section class=\"elementor-section elementor-top-section elementor-element elementor-element-05363f5 elementor-section-boxed elementor-section-height-default elementor-section-height-default\" data-id=\"05363f5\" data-element_type=\"section\" data-settings=\"{&quot;background_background&quot;:&quot;classic&quot;}\">\n\t\t\t\t\t\t\t<div class=\"elementor-background-overlay\"><\/div>\n\t\t\t\t\t\t\t<div class=\"elementor-container elementor-column-gap-no\">\n\t\t\t\t\t<div class=\"elementor-column elementor-col-100 elementor-top-column elementor-element elementor-element-4741eab\" data-id=\"4741eab\" data-element_type=\"column\">\n\t\t\t<div class=\"elementor-widget-wrap elementor-element-populated\">\n\t\t\t\t\t\t<div class=\"elementor-element elementor-element-7c6abe7 elementor-widget elementor-widget-heading\" data-id=\"7c6abe7\" data-element_type=\"widget\" data-widget_type=\"heading.default\">\n\t\t\t\t<div class=\"elementor-widget-container\">\n\t\t\t\t\t<h1 class=\"elementor-heading-title elementor-size-default\">Vente de brique de construction<\/h1>\t\t\t\t<\/div>\n\t\t\t\t<\/div>\n\t\t\t\t\t<\/div>\n\t\t<\/div>\n\t\t\t\t\t<\/div>\n\t\t<\/section>\n\t\t\t\t<section class=\"elementor-section elementor-top-section elementor-element elementor-element-34d06b6 elementor-section-boxed elementor-section-height-default elementor-section-height-default\" data-id=\"34d06b6\" data-element_type=\"section\">\n\t\t\t\t\t\t<div class=\"elementor-container elementor-column-gap-default\">\n\t\t\t\t\t<div class=\"elementor-column elementor-col-100 elementor-top-column elementor-element elementor-element-7286b40\" data-id=\"7286b40\" data-element_type=\"column\">\n\t\t\t<div class=\"elementor-widget-wrap elementor-element-populated\">\n\t\t\t\t\t\t<div class=\"elementor-element elementor-element-63dded1 elementor-widget elementor-widget-spacer\" data-id=\"63dded1\" data-element_type=\"widget\" data-widget_type=\"spacer.default\">\n\t\t\t\t<div class=\"elementor-widget-container\">\n\t\t\t\t\t\t\t<div class=\"elementor-spacer\">\n\t\t\t<div class=\"elementor-spacer-inner\"><\/div>\n\t\t<\/div>\n\t\t\t\t\t\t<\/div>\n\t\t\t\t<\/div>\n\t\t\t\t<div class=\"elementor-element elementor-element-635ef7f elementor-widget elementor-widget-heading\" data-id=\"635ef7f\" data-element_type=\"widget\" data-widget_type=\"heading.default\">\n\t\t\t\t<div class=\"elementor-widget-container\">\n\t\t\t\t\t<h2 class=\"elementor-heading-title elementor-size-default\">SY-SAVANE-FACTORY<\/h2>\t\t\t\t<\/div>\n\t\t\t\t<\/div>\n\t\t\t\t<div class=\"elementor-element elementor-element-0302ac5 elementor-widget elementor-widget-text-editor\" data-id=\"0302ac5\" data-element_type=\"widget\" data-widget_type=\"text-editor.default\">\n\t\t\t\t<div class=\"elementor-widget-container\">\n\t\t\t\t\t\t\t\t\t<p>D\u00e9couvrez la qualit\u00e9 et la polyvalence in\u00e9gal\u00e9es de nos briques de construction ! En tant qu&#8217;entreprise sp\u00e9cialis\u00e9e dans la vente de briques, nous sommes fiers de vous offrir des produits exceptionnels pour tous vos projets<\/p>\t\t\t\t\t\t\t\t<\/div>\n\t\t\t\t<\/div>\n\t\t\t\t<div class=\"elementor-element elementor-element-8dc150b elementor-widget elementor-widget-eael-advanced-data-table\" data-id=\"8dc150b\" data-element_type=\"widget\" data-widget_type=\"eael-advanced-data-table.default\">\n\t\t\t\t<div class=\"elementor-widget-container\">\n\t\t\t\t\t<div class=\"ea-advanced-data-table-wrap\" data-id=\"8dc150b\"><div class=\"ea-advanced-data-table-search-wrap ea-advanced-data-table-search-right\"><input type=\"search\" placeholder=\"Rechercher\" class=\"ea-advanced-data-table-search\"><\/div><div class=\"ea-advanced-data-table-wrap-inner\">\n                <table class=\"ea-advanced-data-table ea-advanced-data-table-ninja ea-advanced-data-table-8dc150b ea-advanced-data-table-sortable ea-advanced-data-table-paginated ea-advanced-data-table-searchable\" data-id=\"8dc150b\" data-items-per-page=\"10\"><thead><tr><th>Dimension<\/th><th>Prix-Unitaire Sans Transport<\/th><th>TVA<\/th><th>Prix Transport<\/th><th>Remise<\/th><\/tr><\/thead><tbody><tr><td>Agglos 20 plein <br> 40x20x20<\/td><td>600<\/td><td>90<\/td><td>40<\/td><td><\/td><\/tr><tr><td>Agglos 20 Creux <br> 40x20x20<\/td><td>420<\/td><td>90<\/td><td>40<\/td><td><\/td><\/tr><tr><td>Agglos 15 plein <br> 40x20x20<\/td><td>395<\/td><td>81<\/td><td>40<\/td><td><\/td><\/tr><tr><td>Agglos 15 creux <br> 40x20x20<\/td><td>370<\/td><td>81<\/td><td>40<\/td><td><\/td><\/tr><tr><td>Agglos 15 Creux <br> 50x20x15<\/td><td>410<\/td><td>81<\/td><td>40<\/td><td><\/td><\/tr><tr><td>Agglos 12 plein <br> 40x20x12<\/td><td>330<\/td><td>50<\/td><td>40<\/td><td><\/td><\/tr><tr><td>Agglos 12 creux <br> 40x20x12<\/td><td>295<\/td><td>50<\/td><td>40<\/td><td><\/td><\/tr><tr><td>Agglos 10 plein <br> 40x20x10<\/td><td>330<\/td><td>45<\/td><td>40<\/td><td><\/td><\/tr><tr><td>Agglos 10 creux <br> 40x20x10<\/td><td>235<\/td><td>45<\/td><td>40<\/td><td><\/td><\/tr><tr><td>Hourdis 15 Fran\u00e7ais <br> 50x20x15<\/td><td>399<\/td><td>70<\/td><td>40<\/td><td><\/td><\/tr><tr><td>Hourdis Americains  <br> 15x20x50<\/td><td>400<\/td><td>81<\/td><td>40<\/td><td><\/td><\/tr><tr><td>Hourdis Am\u00e9ricains <br> 20x20x50<\/td><td>540<\/td><td>81<\/td><td>40<\/td><td><\/td><\/tr><tr><td>Pav\u00e9 8cm <br> 35 Pcs = 1M2<\/td><td>5500<\/td><td>1000<\/td><td>100<\/td><td><\/td><\/tr><tr><td>Pav\u00e9 6 cm <br> 35 Pcs = 1m2<\/td><td>5000<\/td><td>990<\/td><td>100<\/td><td><\/td><\/tr><\/tbody><\/table>\n            <\/div><div class=\"ea-advanced-data-table-pagination ea-advanced-data-table-pagination-button clearfix\"><\/div><\/div>\t\t\t\t<\/div>\n\t\t\t\t<\/div>\n\t\t\t\t<div class=\"elementor-element elementor-element-4f0c0d7 elementor-align-center elementor-widget elementor-widget-button\" data-id=\"4f0c0d7\" data-element_type=\"widget\" data-widget_type=\"button.default\">\n\t\t\t\t<div class=\"elementor-widget-container\">\n\t\t\t\t\t\t\t\t\t<div class=\"elementor-button-wrapper\">\n\t\t\t\t\t<a class=\"elementor-button elementor-button-link elementor-size-sm\" href=\"#\">\n\t\t\t\t\t\t<span class=\"elementor-button-content-wrapper\">\n\t\t\t\t\t\t\t\t\t<span class=\"elementor-button-text\">OBTENIR UN DEVI<\/span>\n\t\t\t\t\t<\/span>\n\t\t\t\t\t<\/a>\n\t\t\t\t<\/div>\n\t\t\t\t\t\t\t\t<\/div>\n\t\t\t\t<\/div>\n\t\t\t\t\t<\/div>\n\t\t<\/div>\n\t\t\t\t\t<\/div>\n\t\t<\/section>\n\t\t\t\t<\/div>\n\t\t","protected":false},"excerpt":{"rendered":"<p>Vente de brique de construction SY-SAVANE-FACTORY D\u00e9couvrez la qualit\u00e9 et la polyvalence in\u00e9gal\u00e9es de nos briques de construction ! En tant qu&#8217;entreprise sp\u00e9cialis\u00e9e dans la vente de briques, nous sommes fiers de vous offrir des produits exceptionnels pour tous vos projets Dimension Prix-Unitaire Sans Transport TVA Prix Transport Remise Agglos 20 plein 40x20x20 600 90 [&hellip;]<\/p>\n","protected":false},"author":1,"featured_media":0,"parent":0,"menu_order":0,"comment_status":"closed","ping_status":"closed","template":"","meta":{"site-sidebar-layout":"no-sidebar","site-content-layout":"page-builder","ast-site-content-layout":"default","site-content-style":"default","site-sidebar-style":"default","ast-global-header-display":"","ast-banner-title-visibility":"","ast-main-header-display":"","ast-hfb-above-header-display":"","ast-hfb-below-header-display":"","ast-hfb-mobile-header-display":"","site-post-title":"disabled","ast-breadcrumbs-content":"","ast-featured-img":"disabled","footer-sml-layout":"","theme-transparent-header-meta":"","adv-header-id-meta":"","stick-header-meta":"","header-above-stick-meta":"","header-main-stick-meta":"","header-below-stick-meta":"","astra-migrate-meta-layouts":"default","ast-page-background-enabled":"default","ast-page-background-meta":{"desktop":{"background-color":"","background-image":"","background-repeat":"repeat","background-position":"center center","background-size":"auto","background-attachment":"scroll","background-type":"","background-media":"","overlay-type":"","overlay-color":"","overlay-opacity":"","overlay-gradient":""},"tablet":{"background-color":"","background-image":"","background-repeat":"repeat","background-position":"center center","background-size":"auto","background-attachment":"scroll","background-type":"","background-media":"","overlay-type":"","overlay-color":"","overlay-opacity":"","overlay-gradient":""},"mobile":{"background-color":"","background-image":"","background-repeat":"repeat","background-position":"center center","background-size":"auto","background-attachment":"scroll","background-type":"","background-media":"","overlay-type":"","overlay-color":"","overlay-opacity":"","overlay-gradient":""}},"ast-content-background-meta":{"desktop":{"background-color":"var(--ast-global-color-5)","background-image":"","background-repeat":"repeat","background-position":"center center","background-size":"auto","background-attachment":"scroll","background-type":"","background-media":"","overlay-type":"","overlay-color":"","overlay-opacity":"","overlay-gradient":""},"tablet":{"background-color":"var(--ast-global-color-5)","background-image":"","background-repeat":"repeat","background-position":"center center","background-size":"auto","background-attachment":"scroll","background-type":"","background-media":"","overlay-type":"","overlay-color":"","overlay-opacity":"","overlay-gradient":""},"mobile":{"background-color":"var(--ast-global-color-5)","background-image":"","background-repeat":"repeat","background-position":"center center","background-size":"auto","background-attachment":"scroll","background-type":"","background-media":"","overlay-type":"","overlay-color":"","overlay-opacity":"","overlay-gradient":""}},"_joinchat":[],"footnotes":""},"class_list":["post-1242","page","type-page","status-publish","hentry"],"yoast_head":"<!-- This site is optimized with the Yoast SEO plugin v25.9 - https:\/\/yoast.com\/wordpress\/plugins\/seo\/ -->\n<title>vente de briques industrielles \u00e0 abidjan<\/title>\n<meta name=\"description\" content=\"Obtenez un devis gratuitement pour nos diff\u00e9rents Brique et Agglos 15 creux, 15 plein, Hourdis 15 Fran\u00e7ais, Hourdis Am\u00e9ricains 20x20x50\" \/>\n<meta name=\"robots\" content=\"index, follow, max-snippet:-1, max-image-preview:large, max-video-preview:-1\" \/>\n<link rel=\"canonical\" href=\"https:\/\/sy-savane-company.com\/?page_id=1242\" \/>\n<meta property=\"og:locale\" content=\"fr_FR\" \/>\n<meta property=\"og:type\" content=\"article\" \/>\n<meta property=\"og:title\" content=\"vente de briques industrielles \u00e0 abidjan\" \/>\n<meta property=\"og:description\" content=\"Obtenez un devis gratuitement pour nos diff\u00e9rents Brique et Agglos 15 creux, 15 plein, Hourdis 15 Fran\u00e7ais, Hourdis Am\u00e9ricains 20x20x50\" \/>\n<meta property=\"og:url\" content=\"https:\/\/sy-savane-company.com\/?page_id=1242\" \/>\n<meta property=\"og:site_name\" content=\"Roofing Agency\" \/>\n<meta property=\"article:publisher\" content=\"https:\/\/www.facebook.com\/profile.php?id=100092212525666&amp;mibextid=LQQJ4d\" \/>\n<meta property=\"article:modified_time\" content=\"2023-07-14T15:35:07+00:00\" \/>\n<meta property=\"og:image\" content=\"https:\/\/sy-savane-company.com\/wp-content\/uploads\/2023\/06\/cropped-cropped-cropped-logo-sy-savane-2.png\" \/>\n\t<meta property=\"og:image:width\" content=\"512\" \/>\n\t<meta property=\"og:image:height\" content=\"512\" \/>\n\t<meta property=\"og:image:type\" content=\"image\/png\" \/>\n<meta name=\"twitter:card\" content=\"summary_large_image\" \/>\n<meta name=\"twitter:label1\" content=\"Dur\u00e9e de lecture estim\u00e9e\" \/>\n\t<meta name=\"twitter:data1\" content=\"1 minute\" \/>\n<script type=\"application\/ld+json\" class=\"yoast-schema-graph\">{\"@context\":\"https:\/\/schema.org\",\"@graph\":[{\"@type\":\"WebPage\",\"@id\":\"https:\/\/sy-savane-company.com\/?page_id=1242\",\"url\":\"https:\/\/sy-savane-company.com\/?page_id=1242\",\"name\":\"vente de briques industrielles \u00e0 abidjan\",\"isPartOf\":{\"@id\":\"https:\/\/sy-savane-company.com\/#website\"},\"datePublished\":\"2023-06-24T15:33:52+00:00\",\"dateModified\":\"2023-07-14T15:35:07+00:00\",\"description\":\"Obtenez un devis gratuitement pour nos diff\u00e9rents Brique et Agglos 15 creux, 15 plein, Hourdis 15 Fran\u00e7ais, Hourdis Am\u00e9ricains 20x20x50\",\"breadcrumb\":{\"@id\":\"https:\/\/sy-savane-company.com\/?page_id=1242#breadcrumb\"},\"inLanguage\":\"fr-FR\",\"potentialAction\":[{\"@type\":\"ReadAction\",\"target\":[\"https:\/\/sy-savane-company.com\/?page_id=1242\"]}]},{\"@type\":\"BreadcrumbList\",\"@id\":\"https:\/\/sy-savane-company.com\/?page_id=1242#breadcrumb\",\"itemListElement\":[{\"@type\":\"ListItem\",\"position\":1,\"name\":\"Accueil\",\"item\":\"https:\/\/sy-savane-company.com\/\"},{\"@type\":\"ListItem\",\"position\":2,\"name\":\"Vente de brique\"}]},{\"@type\":\"WebSite\",\"@id\":\"https:\/\/sy-savane-company.com\/#website\",\"url\":\"https:\/\/sy-savane-company.com\/\",\"name\":\"Roofing Agency\",\"description\":\"Un citoyen, un terrain\",\"publisher\":{\"@id\":\"https:\/\/sy-savane-company.com\/#organization\"},\"alternateName\":\"sy-savane company\",\"potentialAction\":[{\"@type\":\"SearchAction\",\"target\":{\"@type\":\"EntryPoint\",\"urlTemplate\":\"https:\/\/sy-savane-company.com\/?s={search_term_string}\"},\"query-input\":{\"@type\":\"PropertyValueSpecification\",\"valueRequired\":true,\"valueName\":\"search_term_string\"}}],\"inLanguage\":\"fr-FR\"},{\"@type\":\"Organization\",\"@id\":\"https:\/\/sy-savane-company.com\/#organization\",\"name\":\"SY-SAVANE COMPANY\",\"alternateName\":\"SY-SAVANE COMPANY\",\"url\":\"https:\/\/sy-savane-company.com\/\",\"logo\":{\"@type\":\"ImageObject\",\"inLanguage\":\"fr-FR\",\"@id\":\"https:\/\/sy-savane-company.com\/#\/schema\/logo\/image\/\",\"url\":\"https:\/\/sy-savane-company.com\/wp-content\/uploads\/2023\/06\/cropped-cropped-logo-sy-savane-2.png\",\"contentUrl\":\"https:\/\/sy-savane-company.com\/wp-content\/uploads\/2023\/06\/cropped-cropped-logo-sy-savane-2.png\",\"width\":212,\"height\":230,\"caption\":\"SY-SAVANE COMPANY\"},\"image\":{\"@id\":\"https:\/\/sy-savane-company.com\/#\/schema\/logo\/image\/\"},\"sameAs\":[\"https:\/\/www.facebook.com\/profile.php?id=100092212525666&mibextid=LQQJ4d\",\"https:\/\/www.linkedin.com\/in\/sy-savane-company-luxury-holding-45194b276\",\"https:\/\/www.facebook.com\/DiasporaHoldingImmobilier\"]}]}<\/script>\n<!-- \/ Yoast SEO plugin. -->","yoast_head_json":{"title":"vente de briques industrielles \u00e0 abidjan","description":"Obtenez un devis gratuitement pour nos diff\u00e9rents Brique et Agglos 15 creux, 15 plein, Hourdis 15 Fran\u00e7ais, Hourdis Am\u00e9ricains 20x20x50","robots":{"index":"index","follow":"follow","max-snippet":"max-snippet:-1","max-image-preview":"max-image-preview:large","max-video-preview":"max-video-preview:-1"},"canonical":"https:\/\/sy-savane-company.com\/?page_id=1242","og_locale":"fr_FR","og_type":"article","og_title":"vente de briques industrielles \u00e0 abidjan","og_description":"Obtenez un devis gratuitement pour nos diff\u00e9rents Brique et Agglos 15 creux, 15 plein, Hourdis 15 Fran\u00e7ais, Hourdis Am\u00e9ricains 20x20x50","og_url":"https:\/\/sy-savane-company.com\/?page_id=1242","og_site_name":"Roofing Agency","article_publisher":"https:\/\/www.facebook.com\/profile.php?id=100092212525666&mibextid=LQQJ4d","article_modified_time":"2023-07-14T15:35:07+00:00","og_image":[{"width":512,"height":512,"url":"https:\/\/sy-savane-company.com\/wp-content\/uploads\/2023\/06\/cropped-cropped-cropped-logo-sy-savane-2.png","type":"image\/png"}],"twitter_card":"summary_large_image","twitter_misc":{"Dur\u00e9e de lecture estim\u00e9e":"1 minute"},"schema":{"@context":"https:\/\/schema.org","@graph":[{"@type":"WebPage","@id":"https:\/\/sy-savane-company.com\/?page_id=1242","url":"https:\/\/sy-savane-company.com\/?page_id=1242","name":"vente de briques industrielles \u00e0 abidjan","isPartOf":{"@id":"https:\/\/sy-savane-company.com\/#website"},"datePublished":"2023-06-24T15:33:52+00:00","dateModified":"2023-07-14T15:35:07+00:00","description":"Obtenez un devis gratuitement pour nos diff\u00e9rents Brique et Agglos 15 creux, 15 plein, Hourdis 15 Fran\u00e7ais, Hourdis Am\u00e9ricains 20x20x50","breadcrumb":{"@id":"https:\/\/sy-savane-company.com\/?page_id=1242#breadcrumb"},"inLanguage":"fr-FR","potentialAction":[{"@type":"ReadAction","target":["https:\/\/sy-savane-company.com\/?page_id=1242"]}]},{"@type":"BreadcrumbList","@id":"https:\/\/sy-savane-company.com\/?page_id=1242#breadcrumb","itemListElement":[{"@type":"ListItem","position":1,"name":"Accueil","item":"https:\/\/sy-savane-company.com\/"},{"@type":"ListItem","position":2,"name":"Vente de brique"}]},{"@type":"WebSite","@id":"https:\/\/sy-savane-company.com\/#website","url":"https:\/\/sy-savane-company.com\/","name":"Roofing Agency","description":"Un citoyen, un terrain","publisher":{"@id":"https:\/\/sy-savane-company.com\/#organization"},"alternateName":"sy-savane company","potentialAction":[{"@type":"SearchAction","target":{"@type":"EntryPoint","urlTemplate":"https:\/\/sy-savane-company.com\/?s={search_term_string}"},"query-input":{"@type":"PropertyValueSpecification","valueRequired":true,"valueName":"search_term_string"}}],"inLanguage":"fr-FR"},{"@type":"Organization","@id":"https:\/\/sy-savane-company.com\/#organization","name":"SY-SAVANE COMPANY","alternateName":"SY-SAVANE COMPANY","url":"https:\/\/sy-savane-company.com\/","logo":{"@type":"ImageObject","inLanguage":"fr-FR","@id":"https:\/\/sy-savane-company.com\/#\/schema\/logo\/image\/","url":"https:\/\/sy-savane-company.com\/wp-content\/uploads\/2023\/06\/cropped-cropped-logo-sy-savane-2.png","contentUrl":"https:\/\/sy-savane-company.com\/wp-content\/uploads\/2023\/06\/cropped-cropped-logo-sy-savane-2.png","width":212,"height":230,"caption":"SY-SAVANE COMPANY"},"image":{"@id":"https:\/\/sy-savane-company.com\/#\/schema\/logo\/image\/"},"sameAs":["https:\/\/www.facebook.com\/profile.php?id=100092212525666&mibextid=LQQJ4d","https:\/\/www.linkedin.com\/in\/sy-savane-company-luxury-holding-45194b276","https:\/\/www.facebook.com\/DiasporaHoldingImmobilier"]}]}},"jetpack_sharing_enabled":true,"_links":{"self":[{"href":"https:\/\/sy-savane-company.com\/index.php?rest_route=\/wp\/v2\/pages\/1242","targetHints":{"allow":["GET"]}}],"collection":[{"href":"https:\/\/sy-savane-company.com\/index.php?rest_route=\/wp\/v2\/pages"}],"about":[{"href":"https:\/\/sy-savane-company.com\/index.php?rest_route=\/wp\/v2\/types\/page"}],"author":[{"embeddable":true,"href":"https:\/\/sy-savane-company.com\/index.php?rest_route=\/wp\/v2\/users\/1"}],"replies":[{"embeddable":true,"href":"https:\/\/sy-savane-company.com\/index.php?rest_route=%2Fwp%2Fv2%2Fcomments&post=1242"}],"version-history":[{"count":26,"href":"https:\/\/sy-savane-company.com\/index.php?rest_route=\/wp\/v2\/pages\/1242\/revisions"}],"predecessor-version":[{"id":1745,"href":"https:\/\/sy-savane-company.com\/index.php?rest_route=\/wp\/v2\/pages\/1242\/revisions\/1745"}],"wp:attachment":[{"href":"https:\/\/sy-savane-company.com\/index.php?rest_route=%2Fwp%2Fv2%2Fmedia&parent=1242"}],"curies":[{"name":"wp","href":"https:\/\/api.w.org\/{rel}","templated":true}]}}